86587783 a prime number?
True
Is 107442871 a composite number?
True
Is 1061422751 prime?
False
Is 4586267417 a composite number?
False
Is 80747423 composite?
False
Is 29596349711 a prime number?
False
Is 253508413 prime?
True
Is 94656870173 prime?
True
Is 14849025811 a prime number?
True
Is 399831983 a composite number?
False
Is 7888812461 a prime number?
True
Is 12417077243 prime?
False
Is 4668544871 a prime number?
False
Is 10484391059 a composite number?
True
Is 36629324731 composite?
True
Is 137601011 prime?
True
Is 848381551 a prime number?
True
Is 175714104173 a composite number?
False
Is 3793599457 a composite number?
True
Is 8220126697 composite?
False
Is 1280182393 a prime number?
False
Is 1609251121 a prime number?
True
Is 23411388653 prime?
False
Is 12296161 a composite number?
True
Is 456526727 a composite number?
False
Is 1325314259 prime?
True
Is 22946692997 composite?
True
Is 1755959797 a prime number?
False
Is 40580327 a composite number?
True
Is 2927352473 composite?
False
Is 1600056091 a prime number?
True
Is 44157568967 a composite number?
False
Is 8415896147 a prime number?
True
Is 57010782047 prime?
False
Is 101456207 a composite number?
True
Is 5672471003 composite?
True
Is 55602092911 a composite number?
True
Is 626161937 prime?
True
Is 10488001819 prime?
False
Is 181913909 composite?
False
Is 73497528227 prime?
True
Is 67707838603 a composite number?
False
Is 22980996403 a composite number?
True
Is 96897078553 composite?
True
Is 22088131379 composite?
False
Is 2932863971 prime?
True
Is 5544685309 a prime number?
True
Is 314085337 a composite number?
False
Is 15325520453 prime?
False
Is 861076577 composite?
False
Is 5584507099 a prime number?
True
Is 57587907887 prime?
True
Is 21408100061 a composite number?
False
Is 6129254381 prime?
False
Is 994561487 composite?
False
Is 13345496027 a prime number?
True
Is 547344829 prime?
False
Is 17021850139 a composite number?
True
Is 1309771277 prime?
True
Is 96616820177 prime?
False
Is 4282732583 composite?
True
Is 25444405361 a prime number?
True
Is 61304586773 prime?
False
Is 2798685209 a composite number?
False
Is 4356295291 a composite number?
True
Is 3490416331 composite?
False
Is 107686121 a prime number?
True
Is 3017532701 prime?
True
Is 1040447 a prime number?
True
Is 1114097757 a prime number?
False
Is 14458858429 a composite number?
False
Is 1747567643 prime?
False
Is 4732761403 composite?
False
Is 17608652903 a composite number?
False
Is 5386997867 a prime number?
True
Is 1549543249 a composite number?
False
Is 15769738999 prime?
False
Is 2330525363 a prime number?
False
Is 18325560223 a prime number?
True
Is 987629923 a composite number?
True
Is 9725939 a prime number?
True
Is 29417121067 a prime number?
True
Is 13544392445 prime?
False
Is 4558413187 prime?
False
Is 2962830595 prime?
False
Is 1877786077 a composite number?
False
Is 8436215377 composite?
True
Is 8958074863 prime?
True
Is 5689113221 a prime number?
False
Is 3032921833 prime?
True
Is 302154977 a prime number?
False
Is 22745113 prime?
False
Is 32902030103 a composite number?
True
Is 7066597949 a prime number?
False
Is 618891271 a prime number?
True
Is 239637733 composite?
False
Is 870993731 composite?
True
Is 2837846279 composite?
False
Is 3893113001 composite?
False
Is 1186074809 prime?
False
Is 6262484773 a composite number?
True
Is 130802537 a composite number?
False
Is 26471670529 composite?
False
Is 22699257571 a composite number?
False
Is 55492948561 a composite number?
True
Is 852786973 a composite number?
False
Is 661956787 a composite number?
True
Is 1338685717 composite?
True
Is 3540712862 composite?
True
Is 16918654763 composite?
False
Is 3240227759 composite?
False
Is 19064778701 composite?
False
Is 82811042381 a prime number?
True
Is 11436884179 composite?
True
Is 95899329373 composite?
True
Is 1111155911 a prime number?
False
Is 53336439647 prime?
True
Is 863678789 a prime number?
True
Is 188920733 a composite number?
True
Is 3752939891 prime?
True
Is 391064909 prime?
False
Is 11068452007 a prime number?
False
Is 1891892161 a composite number?
False
Is 39444118907 a composite number?
False
Is 1126606981 prime?
True
Is 1054645567 prime?
False
Is 10766552089 a composite number?
False
Is 18622273883 prime?
True
Is 3322519961 a prime number?
True
Is 31943554 composite?
True
Is 4595877967 prime?
False
Is 1358799893 composite?
True
Is 3706454957 a composite number?
True
Is 1378791653 a composite number?
True
Is 58837384927 prime?
False
Is 22403663846 composite?
True
Is 3928033357 a prime number?
False
Is 10665729497 a prime number?
True
Is 1768146262 composite?
True
Is 189714509407 a prime number?
True
Is 22698899881 prime?
False
Is 73975638557 composite?
False
Is 639501487 composite?
True
Is 17523644891 prime?
False
Is 19808856677 composite?
False
Is 16066401781 a prime number?
True
Is 2751432979 composite?
False
Is 1020861967 composite?
False
Is 2259546341 a composite number?
True
Is 1307985601 composite?
True
Is 4114748893 composite?
False
Is 1571371423 a composite number?
False
Is 2131869305 a prime number?
False
Is 572896319 composite?
True
Is 249923441 composite?
False
Is 464973751 prime?
False
Is 131763757 prime?
False
Is 1161719 a composite number?
True
Is 49316713 a composite number?
False
Is 3760369131 composite?
True
Is 2756808337 composite?
False
Is 2861272691 prime?
False
Is 9463388413 a composite number?
False
Is 1066734113 composite?
False
Is 258573209 composite?
False
Is 3317110519 prime?
True
Is 3562919911 a composite number?
False
Is 32692894427 a composite number?
False
Is 22388769517 prime?
True
Is 33326326489 a composite number?
True
Is 4267907837 prime?
True
Is 13260187679 a prime number?
False
Is 237057563 a prime number?
True
Is 568190047 prime?
False
Is 98477185151 prime?
True
Is 19806050111 composite?
False
Is 1187882629 prime?
False
Is 12684859127 composite?
False
Is 4361467697 a composite number?
False
Is 21822537081 a prime number?
False
Is 2699162009 a composite number?
False
Is 39124715173 composite?
False
Is 649636721 a prime number?
False
Is 1192620421 a composite number?
True
Is 1027157783 prime?
True
Is 368860421 a prime number?
True
Is 19485006917 prime?
True
Is 2432680589 prime?
True
Is 424747189 a prime number?
False
Is 8062634441 composite?
False
Is 10545477011 a prime number?
True
Is 25645684627 prime?
True
Is 9327949373 composite?
False
Is 547418203 a composite number?
True
Is 7252473673 composite?
False
Is 412517251 a prime number?
True
Is 280265551 a composite number?
False
Is 1216704829 a composite number?
False
Is 34789428407 a composite number?
True
Is 21175997 prime?
True
Is 224687509 prime?
True
Is 3242529223 a composite number?
False
Is 5059951663 prime?
False
Is 5895116599 prime?
False
Is 366580963 a prime number?
False
Is 3706609 prime?
True
Is 97538215949 a composite number?
False
Is 2236198619 prime?
False
Is 228798915365 a composite number?
True
Is 3612889529 prime?
False
Is 31592489171 a composite number?
True
Is 104634632257 prime?
True
Is 1650779659 a composite number?
True
Is 3285349313 composite?
False
Is 9401959081 a prime number?
True
Is 37611941 a prime number?
True
Is 1096174855 a composite number?
True
Is 35329786861 composite?
False
Is 3217230805 prime?
False
Is 7671794434 a composite number?
True
Is 7142405873 prime?
True
Is 2998915567 a prime number?
True
Is 468527239 a composite number?
True
Is 45023549 prime?
False
Is 648682033 a prime number?
False
Is 24195973 prime?
True
Is 98833746079 composite?
True
Is 95471193131 composite?
False
Is 2172537989 composite?
False
Is 182249381 a composite number?
True
Is 3299180449 prime?
True
Is 26937914071 composite?
False
Is 23035919087 a prime number?
True
Is 6425024453 a prime number?
False
Is 118207724645 prime?
False
Is 25009847 prime?
True
Is 26983504369 a prime number?
False
Is 536700937 a composite number?
False
Is 170185273 a prime number?
True
Is 176528413 a prime number?
False
Is 2045887619 a composite number?
False
Is 331562929 a composite number?
False
Is 299679157 prime?
True
Is 752048663 prime?
False
Is 6479102377 a composite number?
True
Is 17660001737 a prime number?
False
Is 240302951 composite?
True
Is 6616190443 a composite number?
False
Is 80409280557 composite?
True
I